-742. Calculate the highest common factor of 139 and b.
139
Let i(u) be the second derivative of -11*u**2 + 0 + 1/12*u**4 - 2/3*u**3 - 23*u. Let r be i(8). Calculate the greatest common factor of 10 and r.
10
Let f = -1202 + 1270. What is the greatest common divisor of f and 1972?
68
Let k(l) = -l**2 + 18*l - 28. Let z = -495 + 508. Let s be k(z). Calculate the highest common factor of 37 and s.
37
Suppose -5*b + 43 = -5*h - 47, -5*b + 69 = 2*h. Let u = 1 - -29. Calculate the greatest common divisor of u and b.
15
Let o(n) = 2*n**2 + 4*n - 12. Let s be o(-5). Suppose 6*d = 5*d + s. Suppose -4*u = -u - 216. What is the greatest common divisor of u and d?
18
Suppose -2*i = -4*u - 2208, i = 122*u - 119*u + 1112. Calculate the highest common factor of i and 153.
17
Let q be (-5 - -1)*(12/(-8))/1. Suppose -25 = 3*o - 49. Calculate the highest common factor of q and o.
2
Let r be (-172 - 4)/(-4) - 2. Let d = 66 - r. Suppose 4*p + 108 = 7*p. Calculate the highest common factor of d and p.
12
Let w be (570/(-171))/(4/(-1998)). What is the highest common factor of w and 15?
15
Suppose 5*v = 4*v. Suppose p + v - 96 = 0. Let m(s) = -s**3 + 16*s**2 + 109*s + 52. Let o be m(-5). What is the highest common factor of o and p?
32
Let u = -196 + 196. Suppose -3*a + 2*w - 3*w + 364 = 0, -a + 5*w + 116 = u. Let v = -17 + 28. Calculate the highest common factor of a and v.
11
Let v = -25 - -28. Suppose 0 = -2*h + 21 + v. Suppose -w + h = -58. Calculate the greatest common factor of w and 14.
14
Let j = 175 - 175. Suppose -4*x + 1586 + 394 = j. Calculate the greatest common factor of 45 and x.
45
Let p = 3 - -1. Let v be -68 + (-81918)/(-205) - 4/(-10). Calculate the highest common divisor of v and p.
4
Suppose 4*d - 68 = 536. Suppose 5*c - d = 224. Suppose -6*v = -7*v + c. What is the greatest common divisor of 25 and v?
25
Let n = 45 + -32. Let k(a) = 13*a**2 + 93*a + 15. Let y be k(-7). Let u = n - y. What is the highest common divisor of u and 60?
12
Let g = -173 + 190. Let y(s) = -s**2 + 18*s + 28. Let z be y(g). Suppose 0 = 2*d - 6*d + 1980. What is the greatest common divisor of z and d?
45
Let g(f) = 3*f**2 + 26*f - 23. Let l be g(-12). Let i = 192 + l. Calculate the highest common factor of 17 and i.
17
Let w(k) = k**3 - 11*k**2 + 11*k + 12. Let n be w(10). Let u(p) = -p**2 + 12*p + 330. Let m be u(23). Calculate the greatest common divisor of m and n.
11
Suppose 0 = 54*f + 3172 - 14242. What is the greatest common divisor of f and 1681?
41
Suppose 200*i = 262*i - 372. Calculate the highest common divisor of 24 and i.
6
Let d be -846*(735/(-90) + 8). What is the highest common divisor of 41313 and d?
141
Let v = 1143 + -1140. Let p(g) = -2*g**2 + 3*g + 10. Let b be p(3). What is the highest common divisor of b and v?
1
Suppose 0 = 7*i - 6 + 111. Let y(a) = -2*a**2 - 37*a + 30. Let u be y(i). What is the highest common divisor of 5 and u?
5
Let o(c) = 21*c**3 - 5*c**2 - 21*c + 114. Let h be o(5). What is the highest common factor of 3667 and h?
193
Suppose u + z = 18, 83*u - 79*u - 77 = z. Suppose 2*q + 0*q = 950. What is the greatest common divisor of u and q?
19
Let z be (-96195)/(-990) - (-5)/6. Calculate the highest common divisor of z and 126.
14
Let z = 25202 + -25148. Calculate the highest common factor of 22734 and z.
54
Suppose 2*h - 10 = 2*j, -j = -5*h + 11 + 2. Suppose -4 = h*k, 268 + 315 = 5*m - 4*k. Let g = -61075 + 61080. Calculate the greatest common factor of g and m.
5
Suppose 17 = i - 2. Suppose 11*p - 25 = i. Suppose -3*o - r = -2*o - 40, -3*o + 113 = -p*r. What is the highest common divisor of o and 26?
13
Suppose -l + 31 + 222 = 0. Let i = 39 - -18. Let v = i - 34. Calculate the highest common factor of l and v.
23
Let q be 8 + (-3 - 12) - -1. Let j(t) = -5*t + 55. Let s be j(q). Calculate the greatest common factor of s and 5.
5
Let y be (-5)/(-2)*1998/(-27). Let f = 211 + y. Suppose -2*b = -0*b - 208. Calculate the greatest common divisor of b and f.
26
Let i = -8 + 60. Let t(g) = -31*g + 72. Let k be t(-17). Let l = 603 - k. Calculate the greatest common factor of l and i.
4
Let u = -21981 + 22993. Calculate the greatest common divisor of 352 and u.
44
Let q(s) = 16*s + 278. Let p be q(6). What is the highest common factor of p and 594?
22
Let t(p) = p**3 + 14*p + 126. Let q be t(18). Suppose -882 = 18*n - q. Calculate the greatest common factor of n and 74.
74
Let x(c) = 4*c**3 + 559*c**2 - 1865*c - 746. Let a be x(-143). Suppose 3*i + 4*k - 364 = 0, 3*i - 6 = -k + 373. Calculate the greatest common factor of i and a.
16
Suppose -m + 240 = 4*i, -i + 0*i + 60 = 3*m. Calculate the highest common divisor of i and 3165.
15
Suppose 6*s = 12*s + 1800. Let x = 365 + s. Let g(o) = -o**3 - 5*o**2 + 10*o - 2. Let t be g(-7). Calculate the greatest common divisor of x and t.
13
Let p(c) = -c**3 + 14*c**2 - c - 55. Let v be p(11). Let z = 444 - v. What is the highest common factor of z and 21?
21
Suppose -3*j - l + 641 = 0, -3*l = -49*j + 47*j + 420. Calculate the highest common divisor of 7739 and j.
71
Let n = -5370 - -6145. Calculate the highest common divisor of 250 and n.
25
Let f be 3/4 + 95/(-4). Let m be f/(-3) + (-3)/(-9). Let x be m/(-36) - (-681)/27. What is the greatest common factor of 100 and x?
25
Suppose 4*s = 6*p + 2736, 50*p + 3470 = 5*s + 55*p. Calculate the greatest common factor of s and 2645.
115
Let o be 4 - 8 - -6 - (-6 + -7). Calculate the greatest common divisor of o and 975.
15
Let v = 521 - 513. Suppose -22 - 50 = 6*h. Let x be 3/h - 2/(v/(-225)). What is the greatest common factor of x and 8?
8
Let o(l) = 256*l**2 - 199*l - 7. Let u be o(-6). Calculate the highest common divisor of 103 and u.
103
Let s be ((-1350)/12)/(0 - (-1)/(-2)). Let f = 250 - s. Calculate the highest common divisor of 25 and f.
25
Suppose -3*l + r + 403 = 0, r = 2*l - r - 270. Suppose 838 - l = 22*o. Calculate the highest common divisor of 224 and o.
32
Suppose 2*l + 1 = -5*t - 1, 4*l + t = 14. Let c be 161/6 + 2/12. Suppose c = l*k - d, -2*k = -k + 5*d + 9. Calculate the highest common divisor of k and 30.
6
Let x = 625 - 497. Suppose s = 13 + 3. Calculate the greatest common divisor of s and x.
16
Let x = 3200 - 3167. What is the highest common factor of x and 759?
33
Suppose -2*v + 3*v - 3 = 0. Suppose 0 = -2*n, -n + v*n + 205 = 5*y. Suppose 3*m = -15, -5*d - 3*m + y = -34. What is the greatest common factor of d and 24?
6
Let b(z) = -253*z - 5042. Let x be b(-20). What is the highest common factor of x and 26046?
18
Let i(v) = v**3 + 46*v**2 + 83*v - 190. Let o be i(-44). Let d = 45 + -30. What is the highest common divisor of d and o?
15
Suppose 4*i - 16104 = 180*h - 184*h, 0 = -5*h + 30. Calculate the greatest common divisor of 80 and i.
20
Suppose k + 3*q + 0 = -3, 4*k = q + 14. Let v be ((-10)/15)/(2/k). Let l be v/(-4) + (-330)/(-24). Calculate the greatest common factor of 112 and l.
14
Suppose -3*q = -6*i + 5*i - 56, -27 = -q + 2*i. Calculate the highest common factor of q and 5882.
17
Let c(i) = 2*i**2 + 129*i - 2201. Let a be c(14). Let z = 69 - 40. Let y = a + z. Calculate the greatest common divisor of 13 and y.
13
Let g = 25 + 38. Suppose -148*l + 96 = -146*l. Suppose 8*t = -l + 216. What is the greatest common factor of g and t?
21
Let i(p) = 2*p**2 + 2*p. Let x be i(-2). Suppose 0 = 5*h - 4*v - 116, 4*h - x*v + 21 - 113 = 0. Let u = 45 - h. What is the greatest common factor of u and 42?
21
Let d be 1197 + 55 + (-33)/(-6)*-2. What is the greatest common divisor of 73 and d?
73
Suppose -13*s = -7*s + 12. Let w be ((-2)/s)/(8/24) + 25. Let n = w - -56. What is the greatest common factor of 28 and n?
28
Let q be 12/3 - (4 - 12). Let d(m) = -m**3 + 11*m**2 + 16*m - 12. Let s be d(q). Calculate the greatest common factor of s and 96.
12
Suppose -4*g = -5*m + 47, -m + 43 = -7*g + 2*g. Let s be 254/14*2 - g/(-28). What is the greatest common divisor of s and 20?
4
Suppose -4*j + 36 = -2*j. Suppose w - c = 29, -18*c + 22*c + 20 = 0. What is the highest common divisor of j and w?
6
Let y(r) = r**2 - 27*r - 60. Let t(f) = 5*f - 60. Let o be t(18). Let l be y(o). Calculate the greatest common divisor of 40 and l.
10
Suppose -6*j - 445 = -7. Let v = 346 - j. Let t = 731 - v. Calculate the greatest common divisor of t and 39.
39
Let